*g = -m - 1 - 0, -2*g = -5*m - 5. Suppose 5*k + 4 = 4*v, 2 = v - g*k - k. Let b = -4 + v. What is the remainder when 3 is divided by b?
1
Let y = -1 + 6. Let p(d) = 5 + 0*d + 2*d - 2. Calculate the remainder when p(5) is divided by y.
3
Let u = 2 + -4. What is the remainder when 10 is divided by 170/45 + u/(-9)?
2
Let n(j) = -j**3 + 5*j**2 + j + 5. Let v be n(5). What is the remainder when ((-2)/6)/(15/(-90)) is divided by (-1)/(v/(-4) - -2)?
0
Let t(i) = 7*i - 24. Calculate the remainder when 35 is divided by t(6).
17
Let k(s) = 2*s - 3. Suppose 2*j = -0*z + 4*z - 24, -5*j = -2*z + 4. What is the remainder when k(8) is divided by z?
6
Let u(m) = m**3 + 7*m**2 - 9*m + 11. Calculate the remainder when u(-8) is divided by 4.
3
Let d(a) = -91*a - 3. Calculate the remainder when d(-1) is divided by 18.
16
Suppose 4*z = 2*m - 20, -3*z - 16 = z. What is the remainder when (-3)/(-7) + (-792)/(-308) is divided by m?
1
Let n = -77 + 86. Let h be 65*(0 + 2 + -1). Let j = -39 + h. Calculate the remainder when j is divided by n.
8
Suppose -3*i - 2*b = -6*i + 6, -2*i + 15 = -5*b. Let q = 26 + -23. Suppose h + q*h - 136 = i. Calculate the remainder when h is divided by 12.
10
What is the remainder when (0 - -24) + (-9 - -9) is divided by 5?
4
Suppose -4*o - 18 = -f, -5*o - 4 - 22 = -3*f. Let j(q) be the first derivative of q**3/3 + q**2/2 + 4*q - 2. Calculate the remainder when j(o) is divided by 9.
7
Let q(j) = 2*j**2 - 4*j + 3. Let t(c) = 2*c**2 + 3*c - 1. What is the remainder when t(-3) is divided by q(2)?
2
Let c(z) = 3*z + 1. Let j be c(1). Suppose -g = j*g - 185. Let v = 45 + -32. What is the remainder when g is divided by v?
11
Calculate the remainder when (1899/36 + -4)/((-2)/(-8)) is divided by 33.
30
Let v(w) = 4*w**2 - 12*w - 12. Let n(j) = -j**2. Let d(f) = 5*n(f) + v(f). What is the remainder when 2/4*(0 + 28) is divided by d(-10)?
6
Suppose 12 = 3*t - 3, -4*b + 3*t = -65. What is the remainder when ((-41)/4)/((-5)/b) is divided by 21?
20
Suppose -5*m - 5 = 0, 3*m - 33 = -5*r + m. What is the remainder when r is divided by 3?
1
Let b(p) = -p**2 + 11*p - 7. Suppose -2*c - 2*t - 2*t + 26 = 0, 0 = 5*c + 4*t - 47. Calculate the remainder when 40 is divided by b(c).
19
Let b be (-4)/1 - (4 - 4). Let s(g) = -g**3 - 2*g**2 + 5*g - 1. Calculate the remainder when 43 is divided by s(b).
10
Let b(p) = -p**3 + 10*p**2 - 3*p - 13. Calculate the remainder when b(9) is divided by 14.
13
Let p(t) be the first derivative of t**5/30 - t**4/8 + t**3/3 + 1. Let i(d) be the third derivative of p(d). Calculate the remainder when 38 is divided by i(4).
12
Suppose 0 = 3*r - r - 10. Suppose 3*m - u = -2*u + 77, 1 = -m + r*u. Calculate the remainder when 70 is divided by m.
22
Let g = 21 + 17. Calculate the remainder when g is divided by 10.
8
Let t be 1/(65/(-22) - -3). Let g = t + -14. What is the remainder when g is divided by 2?
0
Let s = 12 + 2. Suppose 3*w + 5*d - 92 + s = 0, 0 = 4*d. What is the remainder when w is divided by (-256)/(-18) + 4/(-18)?
12
What is the remainder when 3*(0 + 4 + 4) is divided by (26/(-6))/((-2)/6)?
11
Let j = 3 + 3. Let r = -31 - -40. Calculate the remainder when r is divided by j.
3
Let o(m) = 2*m. Let k be o(1). Let v = k - 0. Suppose 0 = -2*f - 7 + 11. Calculate the remainder when f is divided by v.
0
Suppose 22 = 4*s + 10. Suppose 5*y = 2*u + 40, 2*y = 4*u + 13 + s. Calculate the remainder when y is divided by 3.
2
Suppose -l = -4*z, 3*l = 2*z - z + 11. Suppose -2*f - m = 0, 4*m = -f + l*f - 22. Suppose -10 = f*n - 4*n. What is the remainder when 14 is divided by n?
4
Suppose 3*y - 3*m + 7 = 2*y, 4*m + 12 = 4*y. What is the remainder when 27 is divided by y?
3
Let t be (1 - -1)/(4/10). Suppose -3*q + 2 = -n, -t*q + 4 + 5 = 4*n. What is the remainder when q is divided by 1?
0
Let u = 30 + 4. Let t = u - 11. What is the remainder when t is divided by 8?
7
Let r = 25 - 23. Let o(k) = -3*k**2 - 2*k - 9. Let t(m) = 3*m**2 + m + 8. Let c(i) = 5*o(i) + 6*t(i). Calculate the remainder when 13 is divided by c(r).
6
Suppose -4*x - 2*w = -42, w = 4*x - 4*w - 77. Calculate the remainder when 51 is divided by x.
12
Let r(q) = 69*q**3 + 2*q**2 - 1. What is the remainder when r(1) is divided by 2/(-4)*((-1200)/(-5))/(-5)?
22
Suppose 5 = 4*p + 2*c - 1, p = 3*c - 2. Suppose 0 = 2*q - 2. Calculate the remainder when q is divided by p.
0
What is the remainder when 30 is divided by 1/(((-66)/(-48))/11)?
6
Let q(n) = -n + 4. Let m(o) = -2*o + 8. Let v(u) = 6*m(u) - 13*q(u). Suppose -f - 3*f = -56. What is the remainder when f is divided by v(9)?
4
What is the remainder when (-396)/(-20) + -1*(-1)/5 is divided by ((-44)/(-6))/((-4)/(-6))?
9
Suppose -2*t - 46 = -4*g, -11*t - 5 = -2*g - 16*t. Calculate the remainder when 26 is divided by g.
6
Suppose -2*t - 5*g + 2*g + 14 = 0, 0 = -t + 2*g. What is the remainder when t is divided by 2?
0
Suppose 0 = 3*o - 9 - 129. What is the remainder when o is divided by 5?
1
Suppose -2*z - z = 4*f - 72, f - 72 = -3*z. What is the remainder when -46*(-1 + 0/(-4)) is divided by z?
22
Suppose -s + 3*o + 4 = s, -4*o = 0. Suppose -2*t = -n - 4, s*t + 1 - 21 = 5*n. Suppose 0 = 4*p - t*p - 148. What is the remainder when p is divided by 13?
11
Suppose 14*f - 5*f = 873. What is the remainder when f is divided by 20?
17
Let p be (-1)/(2 - (-26)/(-14)). Let g = p + 10. Let a = -442 + 449. Calculate the remainder when a is divided by g.
1
Let b = 36 - 54. What is the remainder when (-128)/(-9) + 4/b is divided by (-16)/24 + 34/6?
4
Suppose 3*l = 4*q + 47, 0*l = -3*l - 4*q + 55. Calculate the remainder when l is divided by 9.
8
Let p(w) = w**3 + w**2 - 3*w + 3. Let f be p(2). Let n = f + 9. Let t = 4 - -1. Calculate the remainder when n is divided by t.
3
Let o = 100 + -52. Calculate the remainder when o is divided by 17.
14
Calculate the remainder when (-354)/3*(-10)/20 is divided by 4.
3
Suppose -20 = 4*w, -4*f + w = 5 + 2. Let x = 8 + f. Calculate the remainder when 8 is divided by x.
3
Suppose -3*u + 2*o = -99, 5*u - 169 = -0*o + 2*o. Let l = u - -94. Suppose -34 = 5*m - l. Calculate the remainder when m is divided by 10.
9
Let c(k) = k**2 - 2*k + 2. What is the remainder when c(6) is divided by 9?
8
Let c = 173 + -141. Calculate the remainder when 188 is divided by c.
28
Suppose 32 = 3*m - 7*m. Let y = 22 + m. Calculate the remainder when 39 is divided by y.
11
Suppose 2*m - 38 = m. Let q = 77 - 69. What is the remainder when m is divided by q?
6
Let j(m) = -m**3 - 4*m + 1. Let y be j(3). Let d = 80 + y. Let v = d + -30. What is the remainder when 22 is divided by v?
10
What is the remainder when 23 is divided by (-4)/((-20)/6 + 3)?
11
Suppose -9 = 3*f, -76 - 239 = -5*u - 5*f. Calculate the remainder when u is divided by 34.
32
Suppose p = -3*p + 16. Suppose 0*q = p*q - 308. What is the remainder when q is divided by 26?
25
Suppose 2*o - 7*o = -55. Calculate the remainder when o is divided by 7.
4
Suppose 3*v - 4*d - 59 = 0, -4*d - 93 = 3*v - 8*v. What is the remainder when v is divided by 6?
5
Suppose -g + 6*g - 190 = 5*h, 154 = 4*g - 2*h. What is the remainder when g is divided by 10?
9
Let y = -3 + 6. What is the remainder when 9 is divided by y?
0
Suppose 0*o = -o + 39. Let n = 196 - 182. Calculate the remainder when o is divided by n.
11
Suppose 5*n + 37 - 12 = 0. Suppose 17 = 4*g - 47. Let o = g + n. What is the remainder when 20 is divided by o?
9
Suppose 0 = -2*y + y + 5, -5*p - 90 = -4*y. Let g = p + 21. Calculate the remainder when g is divided by 5.
2
Let t = -1 + 5. Suppose -u - t*u = -25. Suppose 2 = 2*v - 2, 0 = -y + u*v + 5. Calculate the remainder when y is divided by 8.
7
Let o(i) = i**3 - 11*i**2 + 12*i + 3. Suppose -r - 65 = -4*t - 6*r, -25 = -4*t + 3*r. What is the remainder when 67 is divided by o(t)?
21
Suppose 8*i = 5*i. Suppose 5*v = 224 + 41. Calculate the remainder when v is divided by 20 + (-1 - i - 1).
17
Let j = -1 + 12. Let w(n) = -n**3 - 3*n**2 - 5*n - 4. Calculate the remainder when w(-4) is divided by j.
10
Let s(g) = g**3 + 8*g**2 - 2*g - 3. Calculate the remainder when s(-6) is divided by (122/6)/1 + 4/6.
18
Let m = -7 - -14. Calculate the remainder when 20 is divided by m.
6
Let r be 1 + 2*(-158)/(-4). Suppose 5*k - 235 - r = 0. Calculate the remainder when k is divided by 16.
15
Cal